046 = -5*b. Is f a prime number?
False
Let i = 550051 - 19410. Is i a prime number?
True
Let i be (204904/49 + -4)/(4/28). Suppose -11*j - j + i = 0. Is j composite?
False
Suppose -144*l + 134*l - 200 = 0. Is (-12)/(-8) - 58390/l a composite number?
True
Let k = 1161 + -1162. Let y(w) = 2*w**2 + 9*w. Let h be y(-6). Is (-4)/h - ((-34204)/18 + k) a prime number?
True
Let t(v) = 9580*v - 333. Is t(7) prime?
False
Suppose 31 = 3*p - 4*z, 3*z + 5 = -p - 2. Suppose 0 = -5*f - 2*c + 144477, -p*f - 13142 = -c - 157616. Is f a prime number?
False
Is 36/27 - ((-74680)/6 + (-1 - 2)) prime?
True
Is 4/(-10) + 25807122/330 a composite number?
False
Let u(l) = 1567*l + 4724. Is u(11) composite?
False
Let z(i) = 55*i - 4. Let k be z(6). Let q(w) = -2*w + 5. Let t be q(-49). Let c = k - t. Is c composite?
False
Let w = 60 - 66. Let p be 16/w - 7/21 - -3730. Let d = p + -2468. Is d composite?
False
Let b be 9/(63/56) + -13. Is (-66904)/(-10) - -9*b/(-75) a composite number?
False
Let j(p) be the third derivative of 13/6*p**3 + 1/30*p**5 + 0 - 5/24*p**4 + 5*p**2 + 0*p. Is j(6) prime?
False
Let v be (-4)/(-16) - 282/(-24). Is (-2)/(-6) + v/(-54)*-69393 a prime number?
False
Let c = 8 + -1. Let v(i) = i + 1. Let y(j) = -67*j + 2. Let o(k) = -6*v(k) - y(k). Is o(c) a prime number?
True
Let o(b) = 30683*b + 1355. Is o(6) a prime number?
False
Is 4/(-6) - (-280)/30*6181404/48 a composite number?
False
Let z(h) = 37*h. Let r be z(-2). Let f = 5954 - 5081. Let i = r + f. Is i a composite number?
True
Let m = -11 - -27. Suppose 0 = -a + o, -2*a + o + m = 3*a. Suppose -4*g - 853 = 3*j - 8064, -a*g + 2*j + 7186 = 0. Is g a composite number?
True
Suppose -3*m = q - 14, -4*m = 3*q - 2*m - 14. Suppose -y = u - 924, q*u + 1366 = 3*y - 1381. Let r = y + 442. Is r a prime number?
True
Suppose 619809 + 363642 = 21*v. Is v a composite number?
False
Let c(o) = -4*o**3 - o**2 - o. Let u be c(-1). Suppose -u*h = 3*a - 0*h + 4853, -3*h - 3237 = 2*a. Let g = -722 - a. Is g a composite number?
True
Let a = 58537 - 9790. Is a a composite number?
True
Suppose 0 = -4*b + 388 - 2988. Let c = 1159 + b. Is c a composite number?
False
Let o(a) = 15448*a**2 + 340*a - 29. Is o(-7) a composite number?
True
Let b = -49 - -37. Let x be (b/(-9))/((-6)/3753). Let t = x - -1247. Is t composite?
True
Let l(c) = -178*c**3 - 21*c**2 - 6*c + 62. Is l(-9) prime?
False
Let x(f) = 294*f**2 - 12*f - 26. Let w be x(-4). Is (1 + -23)*w/(-68) a prime number?
False
Let t(y) = -2204*y**3 + y. Suppose 0 = 5*q + 2*l + 3, 3*q = -0*l - 3*l. Is t(q) prime?
True
Let c = 421716 + -132299. Is c a prime number?
True
Let y(b) = -63*b + 10. Suppose -4*g = -3*f - 2, -4*g + 2*f + 3 = -1. Let n be y(g). Let o = 301 + n. Is o composite?
True
Let u = -1989 + 4465. Suppose 0 = -4*g - 272 + u. Is g prime?
False
Let i(m) = 4360*m - 13187. Is i(19) prime?
True
Is 34/(-17) - 14*(-4624)/2 composite?
True
Suppose -2*s - 3*f = -2 - 6, -2*f = s - 6. Let k be ((-30)/1)/(s/9). Suppose k = 4*w - 141. Is w prime?
False
Let y(r) = 41*r**3 + 9*r - 5. Let i(v) = v**3 + v**2. Let u(n) = -3*i(n) - y(n). Is u(-7) a prime number?
True
Let u be 43/(-4) + (9 - (-132)/(-16)). Is (187536/40)/((-4)/u) a prime number?
False
Let f(u) = 50*u - 98. Let k be f(22). Suppose 0 = 2*r - 856 - k. Is r prime?
True
Let i(y) = -2*y - 8. Let k be i(-9). Suppose k*n - 1014 = 1116. Is n composite?
True
Is -1*2465*-25 - (-1)/(-2)*8 a prime number?
False
Let l(q) = q**2 + 8*q - 2. Let r(h) = h**2 + 7*h - 2. Let o(j) = -5*l(j) + 6*r(j). Let u be o(-5). Suppose u = i - 110. Is i composite?
True
Let t be 10/4*40/(-50). Let h be t - 239*(-2)/2. Let s = h - 92. Is s a prime number?
False
Is (1226 + 3)*(22 - 21) composite?
False
Is (-5*(10 + -8) + 8)*90966/(-4) prime?
False
Let f be 20/30 + 6/9*1526. Let j = -435 + f. Is j a composite number?
True
Suppose 364008 = 26*a - 817094. Is a composite?
False
Let t(l) be the first derivative of -149*l**4/4 + 3*l**3 + 3*l - 36. Let h(x) = x**3 - x**2 + x - 1. Let v(z) = 4*h(z) + t(z). Is v(-2) composite?
False
Let u(z) be the third derivative of 11*z**5/12 - 7*z**4/3 + 2*z**3 - 2*z**2. Is u(-11) composite?
False
Suppose 5*h + 6 = -3*o, 0 = 4*h + 4*o - 0*o + 8. Let t be (h/(-2) - -2) + 15/3. Suppose l = t*l - 18114. Is l a prime number?
True
Suppose 164 = -w - 3*b, 2*w + 67 + 277 = -2*b. Is 58114/30 - (w/(-60))/22 prime?
False
Suppose 50*s - 3310684 = 4363266. Is s composite?
True
Is 37479/11 - (-414)/(-2277) a composite number?
False
Is -6 - -25 - (-2625101 - -1) a composite number?
True
Let n(o) = 5*o - 21. Suppose 4*w + 6*m = 3*m - 176, -4*w - 184 = m. Let k = 53 + w. Is n(k) a composite number?
True
Suppose -484*n = -491*n. Suppose h = 5*x + 2540 - 6253, n = 2*x - 5*h - 1476. Is x a composite number?
False
Suppose 10 = m - q, 0*m + 4*m - 44 = 5*q. Suppose -3*l = -5*n - 25, -l - 3*l + 2*n + 38 = 0. Is (-4)/l*(-12795)/m a prime number?
True
Let q = -21 + 11. Let h be 2592/q + (27/(-15) - -2). Let a = 967 - h. Is a prime?
False
Suppose 5 = 3*l - 16. Let m(p) = 20*p - 21. Let k be m(l). Suppose 622 - k = r. Is r prime?
True
Let x(j) = 3*j**2. Let a be (-24)/(-18) + 1/(-3). Let g be x(a). Suppose 0 = g*q - 680 - 385. Is q prime?
False
Suppose -4*q = 4, 5*n + q - 13 = -q. Suppose -5*y + 10 = -n*y. Suppose 3*r - y*r = -614. Is r a composite number?
False
Let i(s) be the third derivative of s**5/20 - s**4/12 - 2*s**3/3 - 47*s**2. Let m be i(2). Suppose -4*v - 3*p = -517, 3*p + 2*p - 523 = -m*v. Is v prime?
True
Is 18/(-48)*778698/(-27)*12 composite?
True
Let v be (83455/11 - 0) + (-4)/(-22). Let p = v + 17162. Is p a prime number?
True
Let f be ((-14496)/(-10))/2 + (-75)/(-375). Let h = f - -2184. Is h a composite number?
False
Suppose -3*n = n + 2*u + 2, n = 2*u + 2. Suppose 32*t - 39*t + 26915 = n. Is t a prime number?
False
Let w(h) = h**3 + 6*h**2 - 7*h + 75. Let g be w(-8). Is (11 + g - 13) + 357 + 1 a composite number?
False
Suppose -28 = -4*w - 0*b + 4*b, 5*w + 5*b - 15 = 0. Suppose 5*k - 5*v + 6*v - 3174 = 0, 0 = -4*k - w*v + 2556. Suppose -8*m + 6*m = -k. Is m a composite number?
False
Let u = 48 + -45. Suppose 35 = u*p - 1. Suppose 0 = p*o - 15*o + 2763. Is o a prime number?
False
Let x = 446414 + -253785. Is x a prime number?
True
Let l = -304326 + 567553. Is l composite?
False
Suppose 5*w - 3*l - 695 = -8*l, 15 = 5*l. Suppose -15*p - w = -19*p. Suppose -9*k + 8*k = -p. Is k composite?
True
Is (-355)/(-142) + (-292943)/(-2) a prime number?
False
Let v(h) = -h - 5. Let w be v(-5). Suppose 5*a - 15 = w, q = -q + a + 3083. Is q composite?
False
Let r be (-2 + 30/8)/(2/240). Suppose -70*n + 73*n + 384 = 0. Let g = n + r. Is g a composite number?
True
Let z = 8082 + -16430. Let t = 13387 + z. Is t a prime number?
True
Suppose -f - 5*k = 63, 0 = -8*f + 3*f + 5*k - 345. Let n = 74 + f. Is 2*n/(-4) - -1988 prime?
False
Suppose -1378*a + 5*o + 908275 = -1373*a, -a - 5*o + 181631 = 0. Is a prime?
False
Let v = 21826 + 38130. Suppose -3*m = -v + 7051. Is m a prime number?
False
Let y = -29115 + 73592. Is y a prime number?
False
Let d be ((-1723)/(-2))/(9/(-18)). Let c = -1022 - d. Let w = c - 160. Is w composite?
False
Is ((-6)/8)/(44/(-4449808)) + 4 a prime number?
True
Suppose y - 605682 = 43*c - 38*c, 4*c = -y + 605745. Is y a composite number?
True
Let x(c) be the first derivative of -c**4/2 - 28*c**3 - 179*c**2/2 - 47*c + 219. Is x(-40) prime?
False
Let w(q) = q**2 - 6 + 8 + 16*q + 6*q - 4. Let n be w(-7). Let k = 35 - n. Is k composite?
True
Suppose 0 = -3*d + 2*p + 204, -4*d + 270 = 3*p - 5*p. Let n = d - 61. Suppose 4*j = v - 341, -5*j + 0*j = -n*v + 1630. Is v a composite number?
True
Let t = 225489 - -75530. Is t composite?
True
Let x be (-378)/12*(16/(-3))/8. Suppose 0 = -x*v + 5*v + 225712. Is v a prime number?
True
Suppose -y = -214*y + 36671997. Is y a prime number?
True
Let f be -1*(-2 + 3452368) - 4. Is f/(-78) + (-10)/65 composite?
True
Is (2998/(-4))/(-3 + 1 + 134/68) a prime number?
False
Let r = 399 - 396. Suppose -2*f - r*c + 4931 = 0, 5*c + 7444 = -0*f + 3*f. Is f composite?
False
Let n be (-6)/(-4) + ((-1)/(-2) - 1). Let w be ((-40344)/(-27) - n) + 2/(-9). Suppose m = l + 3*m - w, 2*l = m + 3001. Is l a composite number?
False
Is 379 + 45949 + 1/2*10 a composite number?
True
Suppose 13*s = 4*g + 14*s - 7764, -g -